ctors of 3287080?
2, 5, 37, 2221
What are the prime factors of 1660968639?
3, 11, 5592487
List the prime factors of 606365599.
7, 191, 453527
What are the prime factors of 38532584?
2, 83, 58031
List the prime factors of 116211792.
2, 3, 1097, 2207
What are the prime factors of 561663568?
2, 2383, 14731
What are the prime factors of 384390432?
2, 3, 151, 8839
What are the prime factors of 364110306?
2, 3, 7, 8669293
What are the prime factors of 3647807719?
139, 149, 176129
What are the prime factors of 8460095335?
5, 1692019067
List the prime factors of 3240015310.
2, 5, 7, 383, 120851
List the prime factors of 86609569.
61, 1419829
List the prime factors of 2878128403.
29, 151, 657257
What are the prime factors of 214828096?
2, 7, 23, 20849
What are the prime factors of 1010521475?
5, 40420859
List the prime factors of 260715096.
2, 3, 3621043
What are the prime factors of 137690994?
2, 3, 7, 73, 44909
List the prime factors of 1018132194.
2, 3, 31, 547, 10007
What are the prime factors of 23624298?
2, 3, 145829
What are the prime factors of 13042900?
2, 5, 13, 79, 127
List the prime factors of 355151923.
7, 50735989
What are the prime factors of 326469612?
2, 3, 7, 53, 73331
What are the prime factors of 473993823?
3, 157997941
List the prime factors of 1092010375.
5, 331, 26393
What are the prime factors of 41635235?
5, 8327047
What are the prime factors of 93256150?
2, 5, 13, 53, 2707
List the prime factors of 44430232.
2, 7, 11, 79, 83
What are the prime factors of 143315635?
5, 31, 924617
What are the prime factors of 1114310344?
2, 7, 59, 337261
What are the prime factors of 1143471786?
2, 3, 190578631
What are the prime factors of 4108617626?
2, 41, 50105093
What are the prime factors of 82769012?
2, 20692253
List the prime factors of 57041072.
2, 11, 324097
List the prime factors of 483333579.
3, 17, 3159043
What are the prime factors of 389187132?
2, 3, 32432261
List the prime factors of 220625195.
5, 7, 900511
What are the prime factors of 50492976?
2, 3, 41, 25657
What are the prime factors of 421549131?
3, 140516377
List the prime factors of 14088372.
2, 3, 1174031
List the prime factors of 31365134.
2, 15682567
List the prime factors of 555624931.
181, 1129, 2719
List the prime factors of 2478300042.
2, 3, 461, 895987
List the prime factors of 448386846.
2, 3, 2543, 29387
What are the prime factors of 89163407?
89163407
What are the prime factors of 2180580540?
2, 3, 5, 36343009
What are the prime factors of 144684814?
2, 1481, 48847
List the prime factors of 417677906.
2, 41, 941, 5413
List the prime factors of 77933552.
2, 1087, 4481
What are the prime factors of 30673467?
3, 11, 19, 23, 709
What are the prime factors of 397391512?
2, 7, 983, 7219
What are the prime factors of 4373307962?
2, 2186653981
List the prime factors of 177895703.
61, 2916323
List the prime factors of 141649984.
2, 7, 17, 2657
List the prime factors of 199196976.
2, 3, 11, 34297
What are the prime factors of 13151288?
2, 79, 20809
List the prime factors of 768636475.
5, 31, 53, 18713
List the prime factors of 2846465702.
2, 37591, 37861
What are the prime factors of 8618706334?
2, 7, 307, 286469
List the prime factors of 580034005.
5, 116006801
What are the prime factors of 6525690?
2, 3, 5, 37, 5879
What are the prime factors of 366093866?
2, 107, 137, 12487
List the prime factors of 109797261.
3, 7, 5228441
What are the prime factors of 960268600?
2, 5, 439, 10937
List the prime factors of 6276203.
229, 27407
List the prime factors of 88222681.
19, 4643299
What are the prime factors of 747637266?
2, 3, 124606211
What are the prime factors of 923512934?
2, 107, 4315481
List the prime factors of 874953101.
11, 79541191
What are the prime factors of 3900614?
2, 37, 52711
List the prime factors of 219187806.
2, 3, 36531301
What are the prime factors of 24600075?
3, 5, 241, 1361
What are the prime factors of 397508373?
3, 197, 224201
What are the prime factors of 2573759631?
3, 283, 3031519
List the prime factors of 260531460.
2, 3, 5, 7, 17, 12163
What are the prime factors of 4124878?
2, 163, 12653
What are the prime factors of 66819510?
2, 3, 5, 742439
List the prime factors of 1717937746.
2, 7, 17529977
List the prime factors of 1364188693.
7, 194884099
What are the prime factors of 258060775?
5, 7, 1474633
List the prime factors of 697949908.
2, 191, 653, 1399
List the prime factors of 154906333.
53, 2922761
What are the prime factors of 1272853913?
211, 6032483
List the prime factors of 535649200.
2, 5, 59, 22697
List the prime factors of 95203738.
2, 7, 37, 239, 769
List the prime factors of 17140148.
2, 17, 31, 47, 173
What are the prime factors of 5010443502?
2, 3, 89, 241, 38933
What are the prime factors of 752789228?
2, 4051, 46457
What are the prime factors of 237756631?
7, 617, 55049
List the prime factors of 912421726.
2, 456210863
What are the prime factors of 11360523?
3, 1619, 2339
What are the prime factors of 162486578?
2, 17, 101, 47317
What are the prime factors of 90872117?
7, 19, 97607
List the prime factors of 49280441.
7, 7040063
What are the prime factors of 351827247?
3, 43, 383, 7121
List the prime factors of 458200409.
19, 1459, 16529
What are the prime factors of 4983003061?
19, 23, 59, 157, 1231
List the prime factors of 204135313.
331, 616723
What are the prime factors of 457167557?
7, 11, 5937241
What are the prime factors of 477881812?
2, 197, 606449
What are the prime factors of 1831691915?
5, 366338383
What are the prime factors of 453860692?
2, 113465173
List the prime factors of 35039929.
1549, 22621
List the prime factors of 61118266.
2, 11, 457, 6079
What are the prime factors of 2129236855?
5, 425847371
What are the prime factors of 62376266?
2, 599, 52067
What are the prime factors of 49918911?
3, 7, 701, 3391
List the prime factors of 62841615.
3, 5, 251, 16691
What are the prime factors of 18247755?
3, 5, 827, 1471
List the prime factors of 26863676.
2, 7, 211, 4547
List the prime factors of 1150384676.
2, 7, 43, 955469
List the prime factors of 3765862226.
2, 7, 139, 1935181
What are the prime factors of 334224797?
29, 11524993
What are the prime factors of 300805815?
3, 5, 19, 223, 4733
List the prime factors of 101388606.
2, 3, 11, 1536191
What are the prime factors of 240058599?
3, 11, 443, 16421
List the prime factors of 11122331.
11, 79, 12799
What are the prime factors of 5405902735?
5, 3181, 339887
List the prime factors of 26893385.
5, 5378677
What are the prime factors of 26893632?
2, 3, 140071
List the prime factors of 263453292.
2, 3, 503, 14549
List the prime factors of 27309817.
331, 82507
List the prime factors of 128342904.
2, 3, 5347621
List the prime factors of 112356620.
2, 5, 5617831
What are the prime factors of 208650827?
7, 11, 181, 1361
List the prime factors of 2351985781.
2351985781
List the prime factors of 290381494.
2, 13, 43, 259733
What are the prime factors of 962810674?
2, 7, 17, 19, 212917
What are the prime factors of 652125343?
137, 4760039
What are the prime factors of 696955250?
2, 5, 857, 3253
List the prime factors of 120215276.
2, 113, 317, 839
List the prime factors of 121284940.
2, 5, 7, 43, 20147
What are the prime factors of 1879701027?
3, 19, 31, 1063781
List the prime factors of 342866681.
23, 29, 331, 1553
What are the prime factors of 9147159?
3, 7, 145193
List the prime factors of 40426323.
3, 7, 17, 2311
What are the prime factors of 6064151896?
2, 11, 241, 285937
What are the prime factors of 2418383892?
2, 3, 17, 29, 408787
What are the prime factors of 4964204988?
2, 3, 149, 308489
List the prime factors of 1059469921.
1433, 739337
List the prime factors of 874236247.
73, 227, 52757
List the prime factors of 1017886.
2, 508943
List the prime factors of 22604049.
3, 13, 64399
What are the prime factors of 56841603?
3, 7, 13, 59, 3529
List the prime factors of 505919894.
2, 227, 1114361
List the prime factors of 587522024.
2, 4649, 15797
List the prime factors of 37266927.
3, 12422309
What are the prime factors of 9372608955?
3, 5, 69426733
List the prime factors of 43242638.
2, 1301, 16619
What are the prime factors of 315560875?
5, 7, 43, 8387
What are the prime factors of 2603987801?
17, 83, 1845491
What are the prime factors of 22691017?
22691017
List